- 9722. Calculate o(83).
-11
Let s(t) = -844*t + 503030. Give s(596).
6
Let b(r) = -322*r**3 + 1930*r**2 + 11*r. Give b(6).
-6
Let x(c) = -c**2 + 125*c - 646. Determine x(6).
68
Let a(h) = -10*h**3 - 3*h**2 - 36*h + 165. Give a(4).
-667
Let y(p) = 19*p**3 - 8836*p**2 + 380*p + 39504. Determine y(465).
-21
Let y(l) = -74*l - 5983. What is y(-80)?
-63
Let h(r) = -3*r**2 - 462*r + 20504. Calculate h(-190).
-16
Let p(o) = 2*o**2 + 8087*o + 176924. Give p(-22).
-22
Let s(r) = 14*r**2 + 69*r - 252. Determine s(6).
666
Let g(s) = 38125*s + 4155691. What is g(-109)?
66
Let d(s) = 11*s**3 + 5*s**2 + 48*s - 153. Calculate d(3).
333
Let n(a) = 163*a + 6020. Determine n(-41).
-663
Let g(a) = -88753*a + 443773. Determine g(5).
8
Let o(p) = -p**3 - 24*p**2 - 31*p - 2. Calculate o(-22).
-288
Let s(w) = 2177*w - 254706. Determine s(117).
3
Let o(i) = -i**2 + 106242*i + 424948. Determine o(-4).
-36
Let y(w) = -89*w**2 + 96*w + 583. What is y(-5)?
-2122
Let w(f) = 1531*f + 11871. Determine w(-8).
-377
Let q(v) = v**2 - 188*v - 18561. Calculate q(-72).
159
Let b(l) = 6126*l + 49030. Calculate b(-8).
22
Let m(k) = k**3 + 7*k**2 - 15650*k - 93929. Determine m(-6).
7
Let f(v) = -2932*v + 26370. Calculate f(9).
-18
Let y(c) = c**2 + 1391*c - 13635. Determine y(10).
375
Let v(g) = -95*g - 3672. Give v(-45).
603
Let d(x) = 3*x**2 - 487*x - 16412. Determine d(191).
14
Let o(m) = -m**3 - 12*m**2 + 4315*m + 34659. Determine o(-8).
-117
Let z(u) = -10*u**3 + 284*u**2 + 1520*u - 167. Determine z(33).
-101
Let q(y) = y**3 - 7*y**2 - 133*y + 972. Give q(12).
96
Let d(m) = 701*m - 2751. Determine d(4).
53
Let j(n) = -n**2 + 242*n - 4488. Calculate j(19).
-251
Let x(o) = -191*o**2 - 8630*o + 8630. Give x(1).
-191
Let b(p) = -3227*p + 141863. What is b(44)?
-125
Let m(l) = -2*l**2 + 4828*l + 43584. Give m(-9).
-30
Let j(x) = 4*x**2 - 19*x + 64. Determine j(11).
339
Let c(o) = 97*o**2 + 20278*o + 1050. Determine c(-209).
5
Let i(g) = 19*g**2 - 379*g + 213. Calculate i(20).
233
Let s(u) = u**2 + 2909*u + 97741. Give s(-34).
-9
Let f(u) = 43*u**3 - 859*u**2 - 27*u + 247. Give f(20).
107
Let c(w) = 45*w**2 + 309*w - 2814. Determine c(-12).
-42
Let f(b) = 843*b**2 + 505799*b - 609. What is f(-600)?
-9
Let g(s) = -8846*s**2 - 35328*s + 225. Give g(-4).
1
Let l(c) = 402*c**2 - 7434*c - 7435. Calculate l(-1).
401
Let d(k) = 5*k**3 + 8*k**2 + 49*k - 96. What is d(6)?
1566
Let g(u) = 15425*u + 2313762. What is g(-150)?
12
Let p(f) = -f**3 - 28*f**2 + 108*f + 1498. What is p(-30)?
58
Let n(u) = -894983*u + 20584606. What is n(23)?
-3
Let s(d) = 136412*d - 682061. Give s(5).
-1
Let k(s) = 51*s**3 - 148*s**2 + 64*s - 201. Calculate k(3).
36
Let v(l) = -525*l - 3715. Determine v(-8).
485
Let s(j) = 4*j**3 + 16*j**2 - 1140*j - 20. Calculate s(-19).
-20
Let o(h) = -2*h**3 - 70*h**2 - 507*h - 106. Give o(-25).
69
Let g(i) = 2*i**3 + 19*i**2 - 2260*i - 16071. Determine g(-7).
-6
Let o(u) = 114*u + 697. What is o(-5)?
127
Let n(g) = g**2 + 104*g + 2587. What is n(-52)?
-117
Let x(b) = -b**2 - 140149*b + 13884543. Determine x(99).
-9
Let l(c) = 10*c**2 + 778*c + 13434. What is l(-52)?
18
Let f(t) = -9*t**3 + 145*t**2 + 36*t - 65. Give f(16).
767
Let r(p) = -102*p**2 - 34252*p + 34252. Calculate r(1).
-102
Let o(j) = 85*j**3 + 234*j**2 - 69*j - 27. Calculate o(-3).
-9
Let d(q) = -q**2 - 572*q + 25159. Determine d(41).
26
Let g(b) = -5*b**3 - 2*b**2 - 94*b + 361. What is g(4)?
-367
Let y(m) = -135*m + 49366. Calculate y(365).
91
Let t(i) = 5*i**3 - 157*i**2 - 263*i - 30. Give t(33).
3
Let m(j) = 2*j**2 + 6453*j - 123303. Calculate m(19).
26
Let f(v) = -2*v**2 - 1360*v + 9634. What is f(7)?
16
Let p(l) = -2*l**2 + 30*l + 11. Calculate p(-12).
-637
Let p(b) = -3*b**3 - 180*b**2 + 182*b - 169. Determine p(-61).
-108
Let a(s) = -5736*s + 166484. What is a(29)?
140
Let o(k) = 822*k**2 - 4778*k - 879. Give o(6).
45
Let x(y) = 7*y**2 + 161*y + 398. What is x(-3)?
-22
Let q(g) = -3*g**2 + 607*g - 9035. Give q(15).
-605
Let c(l) = -64*l**2 + 55992*l - 48936. Calculate c(874).
8
Let i(d) = 3734*d + 201633. Determine i(-54).
-3
Let s(p) = 4*p**2 - 409*p + 6056. Calculate s(18).
-10
Let u(f) = 3*f**2 - 1059*f + 11287. What is u(342)?
1
Let a(c) = -c**3 + 17*c**2 + 190*c - 3293. Calculate a(16).
3
Let z(m) = 13*m**2 + 6722*m + 20186. Calculate z(-3).
137
Let a(v) = -1034900*v - 9314103. Give a(-9).
-3
Let s(w) = -1500*w + 112494. Calculate s(75).
-6
Let x(a) = -21*a + 1329. Calculate x(23).
846
Let m(j) = -768*j - 41789. What is m(-55)?
451
Let t(x) = -2*x**3 - 3*x**2 - 21*x + 407. Calculate t(5).
-23
Let r(n) = -768*n**3 - 6*n**2 + 11*n + 15. Give r(-1).
766
Let p(i) = 25*i + 3911. Give p(-106).
1261
Let i(p) = 7*p**3 + 224*p**2 - 27*p + 128. Give i(-32).
992
Let i(y) = 17*y**2 - 665*y - 6412. Give i(-8).
-4
Let n(g) = -2602*g + 1116395. Give n(429).
137
Let q(a) = 102*a + 2876. Calculate q(-40).
-1204
Let w(c) = -5*c**3 + 51*c**2 - 8*c - 133. Give w(7).
595
Let n(y) = 78*y - 2586. What is n(10)?
-1806
Let v(b) = b**3 - 39*b**2 + 226*b - 17112. Determine v(43).
2
Let g(u) = -25*u**2 + 15*u + 1. Calculate g(3).
-179
Let p(m) = m**2 + 1354*m + 31942. Give p(-24).
22
Let r(h) = -2*h**2 + 168*h - 3340. Give r(46).
156
Let o(c) = -61*c**2 + 118*c + 436. What is o(8)?
-2524
Let z(k) = 3903*k + 335644. Give z(-86).
-14
Let z(f) = f**3 + 20*f**2 - 14*f - 518. Determine z(-17).
587
Let z(b) = 40827*b - 285807. Determine z(7).
-18
Let p(i) = 3*i**2 - 442*i + 2664. Give p(6).
120
Let p(r) = -3*r**3 - 48*r**2 + 4290*r + 68590. Calculate p(-16).
-50
Let q(f) = f**3 - 20*f**2 - 2039*f + 48952. Give q(26).
-6
Let a(s) = 567*s - 57889. Determine a(98).
-2323
Let x(p) = 2*p**3 + 37*p**2 + 143*p + 36. Determine x(-13).
36
Let w(k) = 14724*k - 1914146. Give w(130).
-26
Let i(o) = 77114*o - 10024800. Determine i(130).
20
Let l(g) = g**2 - 919*g + 17104. Determine l(19).
4
Let k(f) = f**3 - 56*f**2 - 14*f + 1002. What is k(56)?
218
Let m(u) = 1463*u**3 - 6*u**2 - 102*u - 102. Determine m(-1).
-1469
Let f(l) = -7*l**2 + 195*l - 1101. What is f(16)?
227
Let x(t) = -818323*t - 13093173. Determine x(-16).
-5
Let q(n) = 5*n**3 - 16*n**2 + 23*n + 223. Calculate q(5).
563
Let x(m) = -6*m**3 - 91*m**2 - 90*m - 15. Give x(-15).
1110
Let x(c) = -3*c**3 + 547*c**2 + 343*c + 4203. Determine x(183).
-6
Let l(v) = -v**3 + 19*v**2 + v + 101. What is l(12)?
1121
Let z(y) = 2*y**3 - 112*y**2 - 5608*y + 780. Give z(-32).
12
Let d(u) = -u**3 - 252*u**2 - 4643*u - 28. Calculate d(-20).
32
Let s(p) = -7506*p + 39538. Determine s(5).
2008
Let m(k) = -7371*k - 213673. Determine m(-29).
86
Let x(t) = -7*t**2 - 113*t + 2599. What is x(13)?
-53
Let o(v) = -978*v - 23542. What is o(-24)?
-70
Let a(w) = -w**2 - 54689*w - 218735. Calculate a(-4).
5
Let b(m) = 6*m**3 + 3*m**2 - 424*m - 1045. What is b(-7)?
12
Let j(z) = -224*z - 43962. Calculate j(-196).
-58
Let q(c) = -c**3 + 5*c**2 + 44*c - 283. What is q(9)?
-211
Let o(f) = f**3 + 103*f**2 + 375*f - 533. Give o(-99).
1546
Let l(s) = 3*s**3 - 256*s**2 + 1074*s - 1717. Determine l(81).
-16
Let o(y) = -y**3 + 58*y**2 + 154*y - 3362. Give o(60).
-1322
Let a(u) = -u**3 - 170*u**2 - 6826*u - 106. Calculate a(-65).
-41
Let y(v) = 2*v**2 + 235*v - 11626. What is y(-155)?
-1
Let l(p) = 450792*p - 2704749. Give l(6).
3
Let c(f) = -5*f**3 - 1243*f**2 + 477*f - 5263. Calculate c(-249).
-34
Let k(p) = p**3 + 2*p**2 - 369*p - 2793. Determine k(-8).
-225
Let i(v) = -39*v**3 - 6*v**2 + 66*v - 181. Determine i(4).
-2509
Let v(q) = -1646*q + 49461. Give v(30).
81
Let x(u) = -185*u - 60149. What is x(-326)?
161
Let v(s) = s**3 + 1008*s**2 + 1494*s + 490402. What is v(-1007)?
-7
Let d(y) = 460241*y + 5522878. Determine d(-12).
-14
Let q(p) = -7*p**2 - 1235*p + 13179. Give q(10).
129
Let s(t) = -t**2 - 63*t + 10239. Determine s(73).
311
Let m(b) = 212*b**3 + 2755*b**2 - 5*b + 93. What is m(-13)?
-11
Let o(s) = -s**3 - 189*s**2 - 5680*s - 8485. Calculate o(-152).
27
Let s(m) = 13944*m + 515922. Calculate s(-37).
-6
Let t(v) = 2*v**3 - 803*v**2 - 1184*v - 10075. What is t(403)?
0
Let v(q) = -116*q**3 + 2550*q**2 + 5*q - 88. What is v(22)?
-946
Let x(o) = -4*o**3 - 713*o**2 - 6104*o - 100. What is x(-9)?
-1
Let k(u) = -3*u**3 - 4*u**2 - 45*u - 128. Determine k(-3).
52
Let c(g) = 2*g**3 + 162*g - 524. Give c(3).
16
Let j(p) = p